 = 5*x**3 + 5*x**2 + 12*x + 21. What is o(-2)?
-23
Let t(o) = -51*o - 9366. What is t(-184)?
18
Let s(l) = -l**2 + 6*l + 1622. What is s(-37)?
31
Let q(x) = x**3 - 18*x**2 + 88*x - 132. Determine q(5).
-17
Let j(w) = -4950*w - 4946. What is j(-1)?
4
Let y(c) = 2*c**2 + 37*c + 294. Calculate y(-11).
129
Let p(l) = -185*l + 9983. Determine p(54).
-7
Let i(u) = 2*u**2 + 73*u - 126. Calculate i(-35).
-231
Let j(a) = 4*a - 46. What is j(13)?
6
Let l(z) = -6*z**2 - 32*z + 11. Calculate l(-6).
-13
Let g(t) = -2*t**2 + 152*t - 866. What is g(69)?
100
Let o(s) = 21*s - 615. Give o(30).
15
Let j(f) = -24*f + 1027. Determine j(45).
-53
Let r(s) = s**3 + 6*s**2 - 32*s - 116. Calculate r(-6).
76
Let d(j) = -j**3 + 24*j**2 - 2*j + 57. Give d(24).
9
Let s(j) = 21*j + 1585. Give s(-76).
-11
Let t(c) = 8*c**2 - 201*c + 46. What is t(25)?
21
Let c(f) = -f**2 - 6*f + 58. Determine c(0).
58
Let c(d) = -8*d + 16. Determine c(-5).
56
Let a(m) = 96*m - 4468. Give a(46).
-52
Let k(j) = 171*j + 9722. What is k(-57)?
-25
Let s(z) = z**3 - 10*z**2 - 29*z + 169. What is s(11)?
-29
Let r(x) = -x**3 + 11*x**2 + 36*x + 27. Determine r(-2).
7
Let b(d) = 40*d**2 + 1045*d + 143. What is b(-26)?
13
Let m(p) = -30*p + 714. Calculate m(24).
-6
Let w(b) = -b**3 - 3259*b**2 + 32689*b + 5. Determine w(10).
-5
Let v(q) = -237*q - 17767. Calculate v(-75).
8
Let l(w) = 73*w + 268. Determine l(-4).
-24
Let y(n) = n**3 + 200*n**2 - 2549*n - 1075. What is y(-212)?
-15
Let a(f) = 314*f - 867. Calculate a(3).
75
Let z(j) = 2*j**2 + 48*j - 476. Give z(-32).
36
Let q(f) = f**2 + 87*f + 79. What is q(-82)?
-331
Let z(q) = 5*q**3 - 27*q**2 + 19*q + 19. What is z(4)?
-17
Let j(m) = 30*m - 559. Give j(19).
11
Let t(h) = 172*h + 3406. Calculate t(-17).
482
Let s(b) = 343*b + 2463. Determine s(-8).
-281
Let q(h) = -2*h**2 - 32*h - 181. Give q(-6).
-61
Let w(y) = 2*y**2 - 188*y + 364. What is w(92)?
-4
Let j(s) = -2*s**2 + 2*s + 16. Calculate j(7).
-68
Let y(k) = 11*k**2 + 156*k + 295. Give y(-12).
7
Let n(j) = j**3 - 31*j**2 + 270*j - 530. Calculate n(11).
20
Let p(f) = f**2 - 15*f + 90. Calculate p(18).
144
Let w(m) = -4*m**3 + 77*m**2 + 152*m - 129. Give w(21).
-24
Let p(t) = -67*t + 2082. What is p(34)?
-196
Let v(w) = 6*w**2 + 17*w - 544. What is v(-11)?
-5
Let d(l) = 33*l - 1336. Give d(30).
-346
Let d(z) = -z**3 - 3*z**2 + 8*z. What is d(-5)?
10
Let a(g) = -2*g**3 - 6*g**2 - 5*g + 11. Give a(-3).
26
Let y(o) = 24*o**2 + 286*o - 31. Calculate y(-12).
-7
Let p(y) = -4*y**2 + 5*y. Determine p(-4).
-84
Let m(w) = 2*w**3 - 15*w**2 - 20*w + 306. What is m(9)?
369
Let b(z) = -2*z**2 - 420*z - 19743. Determine b(-139).
-5
Let m(r) = r**3 + 6*r**2 + 12*r + 64. Give m(-8).
-160
Let i(x) = -5696*x - 34148. Determine i(-6).
28
Let m(x) = x**3 - 17*x**2 + 165*x - 527. Determine m(5).
-2
Let f(m) = -28*m - 344. What is f(-12)?
-8
Let x(v) = -1167*v**2 + v + 172. Calculate x(0).
172
Let d(t) = 126*t - 3031. What is d(24)?
-7
Let p(x) = -2*x**2 + 59*x - 297. Determine p(23).
2
Let l(p) = -64*p + 1532. Calculate l(28).
-260
Let g(v) = 5*v - 377. Give g(93).
88
Let q(i) = 66*i + 244. Determine q(-9).
-350
Let s(o) = -o**3 - 42*o**2 + 133*o - 107. What is s(-45)?
-17
Let q(b) = -3*b**2 + 131*b - 1347. Give q(18).
39
Let f(u) = 18*u - 681. What is f(37)?
-15
Let f(c) = 49*c + 162. Give f(-5).
-83
Let z(f) = -f**3 - 67*f**2 + 141*f + 203. What is z(-69)?
-4
Let i(c) = 318*c + 11. What is i(0)?
11
Let f(o) = 728*o - 7289. What is f(10)?
-9
Let o(z) = 1473*z - 380028. Determine o(258).
6
Let y(v) = 163*v - 656. Give y(4).
-4
Let w(x) = -54*x + 15343. Calculate w(284).
7
Let c(o) = 14*o - 37. What is c(-5)?
-107
Let v(b) = -b**2 - 5*b - 13. What is v(-4)?
-9
Let x(o) = 27*o + 119. What is x(4)?
227
Let a(s) = 9*s**2 - 13*s + 13. Calculate a(3).
55
Let c(q) = 2*q**3 + 35*q**2 + 12*q - 99. Calculate c(-17).
-14
Let c(l) = l**3 - 21*l**2 + 89*l - 121. Determine c(16).
23
Let n(m) = -m**2 + 131*m + 1449. Give n(-11).
-113
Let y(p) = -2*p**3 + 7*p - 34. Give y(0).
-34
Let g(z) = z**3 + 35*z**2 - z + 43. What is g(-35)?
78
Let o(f) = -15*f**2 + 278*f + 85. Give o(19).
-48
Let o(i) = 9*i**3 + 26*i**2 + 2*i + 23. Calculate o(-3).
8
Let w(b) = -12*b**2 + 15*b - 39. Calculate w(3).
-102
Let r(j) = -18*j**2 + 2569*j + 709. What is r(143)?
-6
Let u(h) = h**3 - 26*h**2 + 167*h + 2. Determine u(11).
24
Let o(p) = 3*p**3 + 12*p**2 + 20*p + 9. What is o(-2)?
-7
Let a(p) = p**3 - 12*p**2 + 33*p - 126. Give a(10).
4
Let o(t) = -2*t**2 - 24*t + 134. Give o(-16).
6
Let n(o) = 4*o**2 + 92*o + 78. Calculate n(-20).
-162
Let n(a) = 333*a + 4. Determine n(0).
4
Let i(q) = -9*q**2 - 614*q + 7667. What is i(-79)?
4
Let h(y) = 163*y + 143. Give h(-2).
-183
Let q(i) = -i**2 - 124*i - 3575. Determine q(-45).
-20
Let t(p) = p**3 - 22*p**2 + 94*p + 24. Determine t(15).
-141
Let n(y) = y**3 - y**2 + 2*y + 27. Calculate n(-3).
-15
Let i(h) = 18*h - 404. Give i(23).
10
Let c(h) = 120*h + 5035. Determine c(-42).
-5
Let d(v) = -3*v. Give d(-5).
15
Let w(g) = -6*g**2 + 114*g + 217. Determine w(23).
-335
Let z(u) = 4*u**2 + 5169*u - 10348. Determine z(2).
6
Let t(r) = 4*r - 89. Give t(10).
-49
Let y(n) = -n**2 + 63*n + 3180. Determine y(-33).
12
Let z(q) = -q**2 - 5*q + 118. Give z(-14).
-8
Let u(a) = -147*a + 8966. Determine u(61).
-1
Let z(j) = j**3 - 9*j**2 + 10. Give z(11).
252
Let k(x) = 4*x**2 + 204*x - 38. Give k(-51).
-38
Let r(g) = 5*g**2 - 358*g + 892. Determine r(69).
-5
Let g(i) = 7*i**2 - 20*i + 16. Calculate g(5).
91
Let m(d) = d**2 + 25*d + 143. Calculate m(-5).
43
Let v(l) = 3*l**2 + 11*l + 25. Calculate v(0).
25
Let h(v) = 8*v**2 - 2*v - 212. Determine h(0).
-212
Let b(t) = -3042*t + 33476. Calculate b(11).
14
Let q(b) = -128*b - 631. Determine q(-6).
137
Let w(y) = 59*y - 10767. Determine w(182).
-29
Let t(b) = -2*b**3 - 83*b**2 + 518*b + 23. Determine t(-47).
-24
Let c(u) = -205*u**2 + 6353*u + 65. Give c(31).
3
Let m(k) = k**2 - 6*k - 57. Determine m(0).
-57
Let s(n) = 351*n - 1570. Give s(5).
185
Let g(y) = -4*y**3 + 42*y**2 - 245*y + 2940. Give g(11).
3
Let y(o) = 23*o - 907. What is y(43)?
82
Let v(o) = 4*o**2 + 9*o + 18. Give v(10).
508
Let k(p) = p**2 + 137*p + 3511. Calculate k(-103).
9
Let a(u) = -u**2 + 49*u + 210. What is a(52)?
54
Let s(j) = j**3 - 8*j**2 + 9*j - 30. Give s(5).
-60
Let z(y) = 63*y - 1215. What is z(19)?
-18
Let n(b) = 19416*b + 77692. Determine n(-4).
28
Let t(p) = -39*p - 413. Calculate t(-7).
-140
Let q(r) = 58*r + 2158. What is q(-44)?
-394
Let z(x) = x**2 - 48*x + 605. What is z(36)?
173
Let x(j) = 4*j**3 + 4*j**2 + 4*j + 15. Give x(-3).
-69
Let z(t) = -19*t**3 + 35*t**2 + 8*t - 12. Determine z(2).
-8
Let d(h) = 3*h**3 + 4*h**2 + 11*h + 18. Give d(-4).
-154
Let v(o) = 9*o**2 + 130*o + 334. Determine v(-11).
-7
Let m(u) = u**2 + 37*u + 91. Determine m(-35).
21
Let s(t) = -50*t**2 - 1398*t + 12. Give s(-28).
-44
Let d(k) = -472*k + 925. Determine d(2).
-19
Let c(i) = 26*i**2 - 305*i - 35. What is c(12)?
49
Let p(f) = -f**2 + 10*f + 162. Give p(19).
-9
Let q(t) = -t**2 - 24*t - 121. Give q(-7).
-2
Let i(j) = j**2 + 26*j - 115. Determine i(-31).
40
Let j(f) = 298*f - 7761. Calculate j(26).
-13
Let f(w) = 386*w + 42846. Give f(-111).
0
Let d(z) = 3036*z + 24244. What is d(-8)?
-44
Let o(p) = -236*p - 48141. What is o(-204)?
3
Let c(h) = -32*h**2 + 7*h - 25. Determine c(4).
-509
Let o(s) = -223*s - 10907. Determine o(-49).
20
Let t(z) = 3*z**3 + 14*z**2 + 12*z + 14. Calculate t(-5).
-71
Let o(q) = q**3 - 45*q**2 - 44*q - 72. Calculate o(46).
20
Let b(o) = 2*o**2 - 5976*o + 195033. Calculate b(33).
3
Let t(s) = -s**3 - 204*s**2 - 188*s + 3050. Calculate t(-203).
5
Let j(i) = -2*i**3 + 169*i**2 + 240*i + 1549. Give j(86).
1
Let h(z) = 89*z + 1438. Calculate h(-16).
14
Let i(g) = 2*g**2 - 137*g - 58. Calculate i(69).
11
Let b(v) = -2*v**2 + 25*v. What is b(-3)?
-93
Let s(z) = -87*z**2 + 8*z - 4. Calculate s(1).
-83
Let g(k) = -1198*k + 4681. What is g(4)?
-111
Let i(n) = 162*n - 471. Give i(3).
15
Let p(q) = 53*q + 71. Determine p(-3).
-88
Let u(w) = w**3 + 2*w**2 - 10*w - 8. Calculate u(0).
-8
Let v(u) = 27*u**2 + 206*u - 122. Determine v(-9).
211
Let b(n) = -n**3 - 13*n**2 - 14*n - 104. What is b(-15)?
556
Let a(k) = -2*k**3 + 222*k**2 - 2381*k - 34. Calculate a(12).
-94
Let m(h) = -48*h**2 + 769*h - 10. 